{"id":162,"date":"2026-04-07T18:01:48","date_gmt":"2026-04-07T21:01:48","guid":{"rendered":"https:\/\/fballina.com.ar\/?page_id=162"},"modified":"2026-04-07T18:02:40","modified_gmt":"2026-04-07T21:02:40","slug":"sobre-mi","status":"publish","type":"page","link":"https:\/\/fballina.com.ar\/?page_id=162","title":{"rendered":"Sobre m\u00ed"},"content":{"rendered":"\n<p>Ingeniero con una profunda convicci\u00f3n de que la tecnolog\u00eda tiene el potencial de transformar la manera en que vivimos, y en particular c\u00f3mo las personas acceden y reciben atenci\u00f3n en salud.<\/p>\n\n\n\n<p>Mi inter\u00e9s no se limita a lo t\u00e9cnico. Me apasiona pensar la salud desde una perspectiva m\u00e1s amplia: c\u00f3mo los sistemas de salud evolucionan, c\u00f3mo la inteligencia artificial y la transformaci\u00f3n digital est\u00e1n redefiniendo el cuidado de las personas, y en particular c\u00f3mo estos cambios pueden llegar a quienes m\u00e1s los necesitan. La salud p\u00fablica, con sus desaf\u00edos de equidad y acceso, es el eje que da sentido a todo lo dem\u00e1s.<\/p>\n\n\n\n<p>Este blog es un espacio para compartir ideas, reflexiones y opiniones sobre tecnolog\u00eda aplicada a la salud, sin excluir temas de tecnolog\u00eda en general cuando el contexto lo amerita. No es un blog t\u00e9cnico ni acad\u00e9mico \u2014 es una bit\u00e1cora de pensamiento sobre un campo que cambia r\u00e1pido y merece ser discutido con seriedad.<\/p>\n\n\n\n<p><\/p>\n","protected":false},"excerpt":{"rendered":"<p>Ingeniero con una profunda convicci\u00f3n de que la tecnolog\u00eda tiene el potencial de transformar la manera en que vivimos, y en particular c\u00f3mo las personas acceden y reciben atenci\u00f3n en salud. Mi inter\u00e9s no se limita a lo t\u00e9cnico. Me apasiona pensar la salud desde una perspectiva m\u00e1s amplia: c\u00f3mo los sistemas de salud evolucionan,&#8230;<\/p>\n","protected":false},"author":1,"featured_media":0,"parent":0,"menu_order":0,"comment_status":"closed","ping_status":"closed","template":"","meta":{"_uag_custom_page_level_css":"","_kad_post_transparent":"","_kad_post_title":"","_kad_post_layout":"","_kad_post_sidebar_id":"","_kad_post_content_style":"","_kad_post_vertical_padding":"","_kad_post_feature":"","_kad_post_feature_position":"","_kad_post_header":false,"_kad_post_footer":false,"_kad_post_classname":"","footnotes":""},"class_list":["post-162","page","type-page","status-publish","hentry"],"aioseo_notices":[],"uagb_featured_image_src":{"full":false,"thumbnail":false,"medium":false,"medium_large":false,"large":false,"1536x1536":false,"2048x2048":false},"uagb_author_info":{"display_name":"gmail.com","author_link":"https:\/\/fballina.com.ar\/?author=1"},"uagb_comment_info":0,"uagb_excerpt":"Ingeniero con una profunda convicci\u00f3n de que la tecnolog\u00eda tiene el potencial de transformar la manera en que vivimos, y en particular c\u00f3mo las personas acceden y reciben atenci\u00f3n en salud. Mi inter\u00e9s no se limita a lo t\u00e9cnico. Me apasiona pensar la salud desde una perspectiva m\u00e1s amplia: c\u00f3mo los sistemas de salud evolucionan,...","_links":{"self":[{"href":"https:\/\/fballina.com.ar\/index.php?rest_route=\/wp\/v2\/pages\/162","targetHints":{"allow":["GET"]}}],"collection":[{"href":"https:\/\/fballina.com.ar\/index.php?rest_route=\/wp\/v2\/pages"}],"about":[{"href":"https:\/\/fballina.com.ar\/index.php?rest_route=\/wp\/v2\/types\/page"}],"author":[{"embeddable":true,"href":"https:\/\/fballina.com.ar\/index.php?rest_route=\/wp\/v2\/users\/1"}],"replies":[{"embeddable":true,"href":"https:\/\/fballina.com.ar\/index.php?rest_route=%2Fwp%2Fv2%2Fcomments&post=162"}],"version-history":[{"count":2,"href":"https:\/\/fballina.com.ar\/index.php?rest_route=\/wp\/v2\/pages\/162\/revisions"}],"predecessor-version":[{"id":166,"href":"https:\/\/fballina.com.ar\/index.php?rest_route=\/wp\/v2\/pages\/162\/revisions\/166"}],"wp:attachment":[{"href":"https:\/\/fballina.com.ar\/index.php?rest_route=%2Fwp%2Fv2%2Fmedia&parent=162"}],"curies":[{"name":"wp","href":"https:\/\/api.w.org\/{rel}","templated":true}]}}